?
True
Is 67495 composite?
True
Is 49127 a prime number?
False
Is 835903 a prime number?
False
Is 792541 a prime number?
False
Is 6295 a composite number?
True
Is 1471 prime?
True
Is 1483927 a prime number?
True
Is 668791 a composite number?
False
Is 14479 a composite number?
False
Is 797071 composite?
True
Is 4391 composite?
False
Is 211753 composite?
True
Is 35519 a prime number?
False
Is 379 prime?
True
Is 4729 a composite number?
False
Is 1185693 composite?
True
Is 44351 a composite number?
False
Is 1624111 a composite number?
False
Is 11311 composite?
False
Is 5381 a composite number?
False
Is 157 a composite number?
False
Is 2771 a composite number?
True
Is 12653 a prime number?
True
Is 31063 prime?
True
Is 9131 a composite number?
True
Is 627389 prime?
False
Is 5737 composite?
False
Is 925546 prime?
False
Is 1651 composite?
True
Is 1588619 a prime number?
False
Is 4573 prime?
False
Is 69307 a composite number?
True
Is 386363 a composite number?
False
Is 358993 a prime number?
True
Is 12323 prime?
True
Is 35729 a composite number?
False
Is 234613 prime?
True
Is 179981 composite?
False
Is 213701 a prime number?
False
Is 4007 a composite number?
False
Is 7465 a prime number?
False
Is 912287 composite?
False
Is 151343 a prime number?
True
Is 179779 a prime number?
True
Is 23459 a composite number?
False
Is 75265 composite?
True
Is 5779 composite?
False
Is 545987 a prime number?
False
Is 1062219 a prime number?
False
Is 824127 composite?
True
Is 97283 composite?
False
Is 631 a prime number?
True
Is 17219 a prime number?
False
Is 99565 a composite number?
True
Is 242713 prime?
True
Is 8501 prime?
True
Is 221393 a prime number?
True
Is 54913 a prime number?
False
Is 759503 a composite number?
False
Is 1451 a composite number?
False
Is 494911 a prime number?
False
Is 70709 a prime number?
True
Is 42157 composite?
False
Is 68141 composite?
False
Is 9327 a composite number?
True
Is 595473 a composite number?
True
Is 38767 prime?
True
Is 130423 prime?
True
Is 127763 composite?
False
Is 85433 a prime number?
False
Is 4561 a prime number?
True
Is 76757 a prime number?
True
Is 31107 a composite number?
True
Is 12469 a prime number?
False
Is 71999 a prime number?
True
Is 68977 a composite number?
True
Is 469289 composite?
True
Is 91541 a composite number?
False
Is 1397 a composite number?
True
Is 30467 prime?
True
Is 4911 a prime number?
False
Is 12661 prime?
False
Is 22433 prime?
True
Is 635 a prime number?
False
Is 43243 composite?
True
Is 6139 a composite number?
True
Is 118661 a composite number?
False
Is 1233547 a prime number?
False
Is 15634 a prime number?
False
Is 609067 a composite number?
False
Is 1409 a composite number?
False
Is 79343 a composite number?
True
Is 546699 prime?
False
Is 321 composite?
True
Is 24943 a composite number?
False
Is 28117 composite?
True
Is 697 a composite number?
True
Is 78779 composite?
False
Is 23791 a prime number?
False
Is 4337 prime?
True
Is 6373 composite?
False
Is 139429 a composite number?
False
Is 363507 a prime number?
False
Is 116887 a prime number?
False
Is 208451 a prime number?
False
Is 46385 a prime number?
False
Is 13591 a prime number?
True
Is 13861 prime?
False
Is 3761 prime?
True
Is 310397 a prime number?
True
Is 105943 composite?
False
Is 2642 a composite number?
True
Is 841 a prime number?
False
Is 642947 composite?
False
Is 246899 prime?
True
Is 341207 a composite number?
True
Is 44059 a prime number?
True
Is 1980785 composite?
True
Is 49061 a composite number?
True
Is 29329 prime?
False
Is 659453 composite?
False
Is 118805 a prime number?
False
Is 592931 prime?
True
Is 48907 composite?
False
Is 28751 a composite number?
False
Is 69413 a composite number?
True
Is 1969679 a prime number?
False
Is 16127 prime?
True
Is 1240097 prime?
True
Is 10671 a prime number?
False
Is 17399 a composite number?
True
Is 427 prime?
False
Is 27941 a composite number?
False
Is 40607 prime?
False
Is 207071 a prime number?
False
Is 975037 a prime number?
False
Is 29483 prime?
True
Is 18637 prime?
True
Is 202967 prime?
True
Is 873739 a prime number?
True
Is 150407 a prime number?
True
Is 165673 composite?
False
Is 64969 a composite number?
False
Is 84011 a prime number?
True
Is 12571 prime?
False
Is 6639 composite?
True
Is 731 a composite number?
True
Is 129173 prime?
False
Is 9543 composite?
True
Is 182419 prime?
False
Is 164479 a prime number?
False
Is 80623 prime?
False
Is 293543 a prime number?
True
Is 1178447 composite?
False
Is 943 a prime number?
False
Is 566311 a prime number?
True
Is 12829 composite?
False
Is 4673 a prime number?
True
Is 1750153 composite?
False
Is 91771 a prime number?
True
Is 12197 a prime number?
True
Is 179917 a prime number?
True
Is 55763 prime?
True
Is 1631489 a composite number?
False
Is 90067 a composite number?
False
Is 1315 a composite number?
True
Is 9293 composite?
False
Is 13001 prime?
True
Is 11027 a prime number?
True
Is 30749 a prime number?
False
Is 31238 a prime number?
False
Is 4171 a prime number?
False
Is 36845 prime?
False
Is 53959 a prime number?
True
Is 51771 composite?
True
Is 23965 prime?
False
Is 69703 prime?
False
Is 787 a prime number?
True
Is 44277 prime?
False
Is 24317 composite?
False
Is 41523 a prime number?
False
Is 138071 a composite number?
False
Is 7283 composite?
False
Is 748387 prime?
True
Is 29071 prime?
False
Is 407359 prime?
True
Is 7411 composite?
False
Is 133411 a composite number?
True
Is 3343 a composite number?
False
Is 692249 prime?
True
Is 13061 prime?
False
Is 1147 a prime number?
False
Is 2518 composite?
True
Is 2243381 prime?
False
Is 49597 prime?
True
Is 43379 a prime number?
False
Is 24133 composite?
False
Is 53069 prime?
True
Is 111703 a prime number?
False
Is 48017 composite?
False
Is 193717 prime?
False
Is 372947 composite?
True
Is 24227 a prime number?
False
Is 54523 a composite number?
True
Is 96667 prime?
True
Is 2053 a prime number?
True
Is 79819 prime?
False
Is 207923 a composite number?
False
Is 178141 a composite number?
False
Is 319709 a composite number?
True
Is 10546 a prime number?
False
Is 588533 composite?
True
Is 1082 composite?
True
Is 47977 a composite number?
False
Is 201 prime?
False
Is 836063 prime?
True
Is 10319 a composite number?
True
Is 4321 prime?
False
Is 2243 a composite number?
False
Is 149 a composite number?
False
Is 10589 composite?
False
Is 13309 prime?
True
Is 21727 composite?
False
Is 26081 composite?
True
Is 13417 a composite number?
False
Is 717 composite?
True
Is 175687 prime?
True
Is 238933 a composite number?
True
Is 10041 a composite number?
True
Is 4463 prime?
True
Is 659 a prime number?
True
Is 739 prime?
True
Is 808211 a prime number?
True
Is 38501 a composite number?
False
Is 367921 prime?
False
Is 10249 a composite number?
True
Is 158071 composite?
False
Is 1100633 a composite number?
True
Is 40879 composite?
False
Is 82135 prime?
False
Is 70571 prime?
True
Is 236669 prime?
False
Is 44335 composite?
True
Is 3239 composite?
True
Is 1689283 a prime number?
False
Is 1653901 prime?
True
Is 4911 a prime number?
False
Is 124229 prime?
False
Is 25257 composite?
True
Is 61847 a composite number?
True
Is 48119 prime?
True
Is 18923 a prime number?
False
Is 78853 composite?
False
Is 4983235 a prime number?
False
Is 1453129 prime?
True
Is 31495 a prime number?
False
Is 6967885 a composite number?
True
Is 137537 a composite number?
False
Is 1080121 a composite number?
True
Is 159869 a composite number?
False
Is 1367 composite?
False
Is 56863 a composite number?
True
Is 199181 a prime number?
True
Is 90431 composite?
True
Is 4643 prime?
True
Is 485 composite?
True
Is 513809 composite?
True
Is 3057 a composite number?
True
Is 4757 a composite number?
True
Is 1741 a prime number?
True
Is 1783 composite?
False
Is 438985 a prime number?
False
Is 47381 a prime number?
True
Is 1426937 a composite number?
True
Is 26489 a prime number?
True
Is 22601 composite?
True
Is 128237 a prime number?
True
Is 105661 composite?
True
Is 19547 a prime number?
False
Is 11777 composite?
False
Is 53615 a composite number?
True
Is 3497 a prime number?
False
Is 52449 composite?
True
Is 28103 prime?
False
Is 23369 a prime number?
True
Is 56741 prime?
False
Is 163661 prime?
True
Is 477293 composite?
False
Is 8371 a composite nu